2529647 a multiple of 185?
False
Does 70 divide 338388712?
False
Is 3 a factor of 7835298?
True
Does 684 divide 34130232?
True
Is 31399383 a multiple of 6?
False
Is 41852453 a multiple of 1144?
False
Is 9724238 a multiple of 19?
True
Is 70577402 a multiple of 1340?
False
Is 101449075 a multiple of 91?
True
Is 54 a factor of 961867764?
True
Does 56 divide 459665304?
True
Is 1560 a factor of 5877279720?
True
Is 144372603 a multiple of 84?
False
Is 1180584768 a multiple of 458?
True
Is 64 a factor of 69385099?
False
Is 208346058 a multiple of 171?
True
Is 214528860 a multiple of 1365?
True
Is 6 a factor of 512345208?
True
Is 13 a factor of 16188691?
False
Is 35 a factor of 7355563348?
False
Does 113 divide 24189859?
False
Is 15 a factor of 41025225?
True
Does 6332 divide 871977409?
False
Does 55 divide 256016090?
True
Is 153239794 a multiple of 12?
False
Is 52 a factor of 30832048?
True
Is 98676252 a multiple of 54?
True
Is 367908714 a multiple of 11?
False
Does 64 divide 43045139?
False
Is 600457034 a multiple of 806?
False
Does 39 divide 7001701?
False
Is 38441590 a multiple of 11?
True
Is 20243275 a multiple of 65?
True
Is 54747827 a multiple of 10?
False
Does 390 divide 1467953760?
True
Does 178 divide 950342?
True
Is 9278175 a multiple of 5?
True
Is 1697245020 a multiple of 369?
True
Is 85 a factor of 20573359?
False
Is 3081 a factor of 296440960?
False
Is 1804152644 a multiple of 215?
False
Is 96908074 a multiple of 2446?
True
Is 770289787 a multiple of 36?
False
Does 2987 divide 1199864449?
False
Does 3 divide 90243?
True
Is 158893414 a multiple of 239?
True
Is 180 a factor of 79637580?
True
Is 30 a factor of 45190379?
False
Is 901506857 a multiple of 2197?
False
Is 16 a factor of 9809361?
False
Is 4025820 a multiple of 106?
False
Is 172 a factor of 781227?
False
Is 41 a factor of 129670427?
False
Is 131235600 a multiple of 10?
True
Does 1720 divide 310229929?
False
Does 253 divide 37147231?
True
Does 199 divide 118010806?
False
Does 17 divide 44263807?
False
Does 141 divide 115658916?
True
Is 103779508 a multiple of 14?
True
Is 1749 a factor of 1068775422?
True
Is 69 a factor of 39187358?
False
Is 88109120 a multiple of 440?
True
Does 462 divide 28383894?
True
Is 752 a factor of 266960?
True
Is 58836415 a multiple of 94?
False
Is 3909294880 a multiple of 626?
True
Does 10 divide 108896196?
False
Does 11 divide 1425807?
False
Is 48578781 a multiple of 509?
False
Does 466 divide 37426028?
False
Is 21035094 a multiple of 62?
False
Is 1532 a factor of 40075588?
True
Is 18350321 a multiple of 2213?
False
Is 135 a factor of 98314698?
False
Is 2807149380 a multiple of 30?
True
Does 126 divide 24757749?
False
Is 1569 a factor of 122380431?
True
Is 1220 a factor of 27315255?
False
Is 249968344 a multiple of 25?
False
Is 87 a factor of 24578979?
True
Is 10 a factor of 30486010?
True
Is 603 a factor of 354381291?
True
Does 1729 divide 6632967887?
True
Is 34812524 a multiple of 332?
True
Is 31549254 a multiple of 131?
True
Is 51 a factor of 244728651?
True
Is 16 a factor of 13820820?
False
Does 1547 divide 562167424?
True
Is 28 a factor of 3538912?
False
Is 62763360 a multiple of 258?
False
Does 3789 divide 188036703?
True
Is 50245118 a multiple of 7?
True
Is 23340865 a multiple of 373?
False
Is 1696 a factor of 290834263?
False
Is 433 a factor of 560157746?
False
Is 5 a factor of 33042365?
True
Is 23 a factor of 52949453?
False
Is 3138450750 a multiple of 25?
True
Is 33932113 a multiple of 5?
False
Does 210 divide 37007040?
True
Is 92 a factor of 3054826?
False
Is 304574032 a multiple of 2673?
False
Does 56 divide 2340069032?
True
Does 3 divide 101909571?
True
Is 699080097 a multiple of 218?
False
Does 2849 divide 39507083?
True
Is 455 a factor of 5950389?
False
Does 7 divide 33263895?
True
Is 47 a factor of 97027129?
True
Is 46 a factor of 1481253547?
False
Does 4 divide 6916198?
False
Does 449 divide 53742159?
False
Is 6679755 a multiple of 9?
True
Does 3453 divide 153054225?
True
Does 883 divide 10977456?
True
Is 482 a factor of 17717937?
False
Does 737 divide 93374545?
False
Is 71056387 a multiple of 118?
False
Does 6 divide 6418015?
False
Does 545 divide 114638738?
False
Does 1399 divide 118074187?
False
Is 650 a factor of 496119650?
True
Does 3235 divide 1718998125?
True
Is 26 a factor of 5226076?
False
Is 8 a factor of 12899092?
False
Is 1384017 a multiple of 57?
True
Is 77 a factor of 4508735?
True
Is 564964180 a multiple of 188?
False
Is 3172 a factor of 36830092?
True
Is 116062969 a multiple of 199?
True
Is 39 a factor of 225835428?
True
Is 17 a factor of 1897793?
False
Is 5334 a factor of 524852292?
False
Does 505 divide 69433550?
False
Does 472 divide 38140432?
True
Is 361587767 a multiple of 3296?
False
Does 205 divide 4826450710?
True
Is 201 a factor of 211083390?
False
Does 170 divide 21007233?
False
Does 5 divide 649234915?
True
Is 23361426 a multiple of 134?
True
Does 1715 divide 98338100?
True
Is 31711006 a multiple of 2182?
True
Is 156 a factor of 27636336?
True
Is 58474522 a multiple of 25?
False
Does 284 divide 33227738?
False
Does 442 divide 1228055894?
True
Is 331425056 a multiple of 38?
True
Is 1428103 a multiple of 3?
False
Is 22995952 a multiple of 316?
True
Is 12 a factor of 50387665?
False
Does 144 divide 83700732?
False
Does 35 divide 14542955?
True
Does 168 divide 305921784?
True
Is 12297054 a multiple of 94?
False
Does 288 divide 834813917?
False
Is 50123187 a multiple of 93?
True
Does 1043 divide 1478177957?
False
Is 261 a factor of 497632648?
False
Does 9 divide 11965869?
True
Does 725 divide 2156080400?
True
Is 94 a factor of 336913853?
False
Is 22 a factor of 396060940?
True
Is 4199295394 a multiple of 13762?
True
Is 2103 a factor of 2416927428?
True
Is 14 a factor of 52111472?
True
Is 131953070 a multiple of 10?
True
Is 7 a factor of 2246791?
False
Does 322 divide 11135011?
False
Does 134 divide 3174192?
True
Is 827771220 a multiple of 61?
True
Does 10 divide 81742742?
False
Is 985352096 a multiple of 272?
True
Is 122850950 a multiple of 285?
False
Does 7 divide 374868949?
True
Is 18 a factor of 5956794?
True
Is 2 a factor of 118917239?
False
Is 5 a factor of 417985019?
False
Is 1253711 even?
False
Is 10178046 a multiple of 6?
True
Is 67844250 a multiple of 23?
True
Is 4406 a factor of 306149846?
False
Is 3 a factor of 764441911?
False
Does 2 divide 3649815?
False
Does 146 divide 51573056?
False
Is 9 a factor of 29302237?
False
Is 1608456308 a multiple of 201?
False
Is 118206402 a multiple of 10?
False
Does 62 divide 56659098?
False
Does 48 divide 625232882?
False
Is 174677421 a multiple of 4?
False
Does 25 divide 87088569?
False
Does 47 divide 588311502?
True
Does 8 divide 576120203?
False
Is 2627 a factor of 17196342?
True
Is 25 a factor of 2402250?
True
Does 2 divide 5108903?
False
Is 191 a factor of 40795248?
False
Is 38 a factor of 14030094?
True
Does 45 divide 29024942?
False
Does 13 divide 3655561?
True
Is 15872898 a multiple of 23?
True
Does 154 divide 22278256?
True
Is 2530186794 a multiple of 1206?
True
Does 1316 divide 17575249?
False
Is 133963328 a multiple of 1328?
True
Is 37 a factor of 130619065?
True
Is 48 a factor of 2472857076?
False
Does 31 divide 1711500446?
False
Does 179 divide 45418741?
False
Does 462 divide 59847257?
False
Is 39 a factor of 44348538?
True
Does 1108 divide 263589426?
False
Does 17 divide 44152757?
True
Is 73708866 a multiple of 567?
True
Is 2177 a factor of 333673144?
True
Is 10 a factor of 738102573?
False
Does 18 divide 30480931?
False
Does 194 divide 50136770?
False
Is 12 a factor of 451925880?
True
Is 29816 a multiple of 4?
True
Is 1334 a factor of 42768444?
False
Is 6 a factor of 253109964?
True
Is 10 a factor of 35663140?
True
Does 6610 divide 972238588?
False
Does 3108 divide 3531111104?
False
Does 13 divide 610480506?
False
Is 368 a factor of 34880512?
True
Is 881 a factor of 147885541?
True
Does 64 divide 97657952?
False
Is 6 a factor of 21056802?
True
Does 24 divide 114107064?
True
Is 33761409 a multiple of 41?
True
Is 22 a factor of 80216730?
True
Does 115 divide 10257885?
True
Is 5 a factor of 779580125?
True
Is 2517243885 a multiple of 27?
True
Is 595 a factor of 118493060?
True
Is 92 a factor of 492530832?
True
Is 665749280 a multiple of 70?
True
Is 6 a fa